{"id":123,"date":"2022-12-14T09:14:54","date_gmt":"2022-12-14T09:14:54","guid":{"rendered":"http:\/\/www.Clinic.medyr.net\/?page_id=123"},"modified":"2022-12-14T10:25:55","modified_gmt":"2022-12-14T10:25:55","slug":"testimonios","status":"publish","type":"page","link":"https:\/\/medyr.net\/?page_id=123","title":{"rendered":"Testimonios"},"content":{"rendered":"<p>[vc_row][vc_column][vc_separator color=\u00bbwhite\u00bb border_width=\u00bb4&#8243;][vc_custom_heading text=\u00bbLo que opinan de nosotros\u00bb font_container=\u00bbtag:h4|text_align:left|color:%2388c1f2&#8243; google_fonts=\u00bbfont_family:Roboto%3A100%2C100italic%2C300%2C300italic%2Cregular%2Citalic%2C500%2C500italic%2C700%2C700italic%2C900%2C900italic|font_style:400%20regular%3A400%3Anormal\u00bb][vc_single_image image=\u00bb140&#8243; img_size=\u00bbfull\u00bb][\/vc_column][vc_column][\/vc_column][\/vc_row][vc_row][vc_column]<div class=\"row js-flickity\" data-flickity-options='{ \r\n\"contain\": true,\r\n\"autoPlay\": true\r\n}'>\r\n<div class=\"col-md-4 testimonials\">\r\n<div class=\"testimonialsinner\">\r\n<p><em>\u201cEn la Cl\u00ednica MEDYR te atiende un grupo de profesionales cuyo principal objetivo es tu recuperaci\u00f3n. En el mismo centro te diagnostica un especialista en rehabilitaci\u00f3n o en su caso traumat\u00f3logo que trabajan estrechamente con los fisioterapeutas en tu recuperaci\u00f3n, con un trato exquisito y unos resultados realmente sorprendentes. Adem\u00e1s son profesionales que valoran tu tiempo y la puntualidad en las citas es estricta\u00bb.<\/em><br \/>\nJorge Lloreda, Madrid<\/p>\n \r\n<\/div> \r\n         \r\n<\/div> \r\n\r\n<div class=\"col-md-4 testimonials\">\r\n<div class=\"testimonialsinner\">\r\n<p><em>\u201cPensaba que mi lesi\u00f3n no ten\u00eda soluci\u00f3n y en MEDYR el Dr. Gonz\u00e1lez de Vega desde el primer d\u00eda me dio esperanzas, ayuda y muchas explicaciones. \u00a1Ahora ni me acuerdo del tobillo!\u201d.<\/em><br \/>\nBorja Alabart, Madrid<\/p>\n \r\n<\/div> \r\n         \r\n<\/div> \r\n\r\n<div class=\"col-md-4 testimonials\">\r\n<div class=\"testimonialsinner\">\r\n<p><em>\u201cCuando conoc\u00ed al Dr. Gonz\u00e1lez de Vega, mi vida era un calvario: hab\u00eda tenido que dejar mi pasi\u00f3n por correr y montar en bici debido a un problema de espalda y estaba desauciado para el deporte. Hoy corro, monto en bici e incluso compito en mi grupo de edad con muy buenos resultados\u201d.<\/em><br \/>\nJos\u00e9 Cruz, Ecija, Sevilla<\/p>\n \r\n<\/div> \r\n         \r\n<\/div> \r\n\r\n<div class=\"col-md-4 testimonials\">\r\n<div class=\"testimonialsinner\">\r\n<p><em>\u201cDespu\u00e9s de mucho tiempo con problemas y dolor en mi hombro derecho, \u00a1al fin! he encontrado un lugar donde tanto el diagn\u00f3stico como el tratamiento han sido excelentes. Se ve un trabajo bien coordinado, donde todos van en la misma direcci\u00f3n para que el paciente se sienta bien y se cure r\u00e1pido\u201d.<\/em><br \/>\nCarmen V\u00e1zquez<\/p>\n \r\n<\/div> \r\n         \r\n<\/div> \r\n\r\n<div class=\"col-md-4 testimonials\">\r\n<div class=\"testimonialsinner\">\r\n<p><em>\u201cLa experiencia compartida en el tratamiento del dolor de espalda hace que el Dr. Gonz\u00e1lez de Vega y MEDYR sean una continua referencia para nosotros, m\u00e1s all\u00e1 de la distancia geogr\u00e1fica y cultural\u201d.<\/em><br \/>\nDr. M Cusi, Sydney, Australia<\/p>\n \r\n<\/div> \r\n         \r\n<\/div> \r\n\r\n<div class=\"col-md-4 testimonials\">\r\n<div class=\"testimonialsinner\">\r\n<p><em>\u201cCuando alguien comienza la rehabilitaci\u00f3n piensa solo en el dolor y en lo dif\u00edcil que va a ser. Despu\u00e9s de haber sido tratado en el centro MEDYR mi idea es diferente. El lugar es luminoso, elegante y c\u00e1lido, y parece como si todos estuvieran solo para tratarte a ti. \u00a1Excelente trabajo!\u201d.<\/em><br \/>\nAnne Warldorf<\/p>\n \r\n<\/div> \r\n         \r\n<\/div> \r\n\r\n<div class=\"col-md-4 testimonials\">\r\n<div class=\"testimonialsinner\">\r\n<p><em>\u201cPara nosotros siempre ha sido un placer colaborar con el Dr. Gonz\u00e1lez de Vega. MEDYR es un centro de referencia en la rehabilitaci\u00f3n y medicina deportiva por su novedosa visi\u00f3n y su capacidad de continua evoluci\u00f3n. Hasta pronto\u201d.<\/em><\/p>\n<p>Dr. R. Stoddard, SEMI, Toronto, Canad\u00e1<\/p>\n \r\n<\/div> \r\n         \r\n<\/div> \r\n\r\n<div class=\"col-md-4 testimonials\">\r\n<div class=\"testimonialsinner\">\r\n<p><em>\u201cMuchas gracias a todos y cada uno, no solo por su excelencia profesional, sino tambi\u00e9n por la c\u00e1lida acogida, las sonrisas amables y el inter\u00e9s genuino por el bienestar del paciente. Cari\u00f1osamente\u201d.<\/em><br \/>\nGraciela Lamarque<\/p>\n \r\n<\/div> \r\n         \r\n<\/div> \r\n\r\n<div class=\"col-md-4 testimonials\">\r\n<div class=\"testimonialsinner\">\r\n<p><em>\u00abTanto el trato profesional como personal de MEDYR hace que uno se sienta siempre con continua informaci\u00f3n y seguimiento por parte del Dr. Gonz\u00e1lez de Vega\u201d.<\/em><\/p>\n<p>Ambrosio Arizu<\/p>\n \r\n<\/div> \r\n         \r\n<\/div> \r\n\r\n\r\n<\/div> [\/vc_column][\/vc_row]<\/p>\n","protected":false},"excerpt":{"rendered":"<p>[vc_row][vc_column][vc_separator color=\u00bbwhite\u00bb border_width=\u00bb4&#8243;][vc_custom_heading text=\u00bbLo que opinan de nosotros\u00bb font_container=\u00bbtag:h4|text_align:left|color:%2388c1f2&#8243; google_fonts=\u00bbfont_family:Roboto%3A100%2C100italic%2C300%2C300italic%2Cregular%2Citalic%2C500%2C500italic%2C700%2C700italic%2C900%2C900italic|font_style:400%20regular%3A400%3Anormal\u00bb][vc_single_image image=\u00bb140&#8243; img_size=\u00bbfull\u00bb][\/vc_column][vc_column][\/vc_column][\/vc_row][vc_row][vc_column][\/vc_column][\/vc_row]<\/p>\n","protected":false},"author":1,"featured_media":0,"parent":0,"menu_order":0,"comment_status":"closed","ping_status":"closed","template":"page-templates\/page-right-sidebar.php","meta":{"footnotes":""},"class_list":["post-123","page","type-page","status-publish","hentry"],"_links":{"self":[{"href":"https:\/\/medyr.net\/index.php?rest_route=\/wp\/v2\/pages\/123","targetHints":{"allow":["GET"]}}],"collection":[{"href":"https:\/\/medyr.net\/index.php?rest_route=\/wp\/v2\/pages"}],"about":[{"href":"https:\/\/medyr.net\/index.php?rest_route=\/wp\/v2\/types\/page"}],"author":[{"embeddable":true,"href":"https:\/\/medyr.net\/index.php?rest_route=\/wp\/v2\/users\/1"}],"replies":[{"embeddable":true,"href":"https:\/\/medyr.net\/index.php?rest_route=%2Fwp%2Fv2%2Fcomments&post=123"}],"version-history":[{"count":9,"href":"https:\/\/medyr.net\/index.php?rest_route=\/wp\/v2\/pages\/123\/revisions"}],"predecessor-version":[{"id":142,"href":"https:\/\/medyr.net\/index.php?rest_route=\/wp\/v2\/pages\/123\/revisions\/142"}],"wp:attachment":[{"href":"https:\/\/medyr.net\/index.php?rest_route=%2Fwp%2Fv2%2Fmedia&parent=123"}],"curies":[{"name":"wp","href":"https:\/\/api.w.org\/{rel}","templated":true}]}}